{"id":3,"date":"2023-09-11T13:11:29","date_gmt":"2023-09-11T11:11:29","guid":{"rendered":"http:\/\/kuechen-krause.de\/word\/?page_id=3"},"modified":"2024-10-17T10:16:05","modified_gmt":"2024-10-17T08:16:05","slug":"privacy-policy","status":"publish","type":"page","link":"https:\/\/kuechen-krause.de\/word\/privacy-policy\/","title":{"rendered":"Impressum"},"content":{"rendered":"\n<h2 class=\"wp-block-heading\">Krause K\u00fcchensysteme Datenschutzerkl\u00e4rung<\/h2>\n\n\n\n<p>In dieser Datenschutzerkl\u00e4rung wird beschrieben, wie Ihre personenbezogenen Daten erfasst, verwendet und weitergegeben werden, wenn Sie www.kuechen-krause.de (die &#8220;Website&#8221;) nutzen oder dort etwas kaufen.<\/p>\n\n\n\n<p><strong>VON UNS ERFASSTE PERSONENBEZOGENE DATEN<\/strong><br>Wenn Sie die Website besuchen, erfassen wir automatisch bestimmte Informationen \u00fcber Ihr Ger\u00e4t, darunter Informationen zum Webbrowser, der IP-Adresse, der Zeitzone und einigen der Cookies, die auf Ihrem Ger\u00e4t installiert sind. Wenn Sie auf der Website navigieren, erfassen wir au\u00dferdem Informationen zu den einzelnen Webseiten oder Produkten, die Sie aufrufen, zu den Websites oder Suchbegriffen, die Sie auf die Website gef\u00fchrt haben, sowie Informationen dar\u00fcber, wie Sie mit der Website interagieren. Wir bezeichnen diese automatisch erfassten Informationen als &#8220;Ger\u00e4teinformationen&#8221;.<\/p>\n\n\n\n<p>Wir erfassen Ger\u00e4teinformationen mithilfe der folgenden Technologien:<\/p>\n\n\n\n<pre class=\"wp-block-code\"><code>- \"Cookies\" sind Datendateien, die auf einem Ger\u00e4t oder Computer gespeichert werden und h\u00e4ufig eine anonyme eindeutige Kennung enthalten. Weitere Informationen zu Cookies und zum Deaktivieren von Cookies sind unter http:\/\/www.allaboutcookies.org zu finden.\n- \"Protokolldateien\" protokollieren Aktionen auf der Website und erfassen Daten wie IP-Adresse, Browsertyp, Internetdienstanbieter, verweisende\/Ausstiegsseiten sowie Datums-\/Uhrzeitstempel.\n- \"Web Beacons\", \"Tags\" und \"Pixel\" sind elektronische Dateien zur Erfassung von Informationen dazu, wie Sie auf der Website navigieren.<\/code><\/pre>\n\n\n\n<p>Wenn Sie auf der Website etwas kaufen oder versuchen, etwas zu kaufen, erfassen wir au\u00dferdem bestimmte Informationen \u00fcber Ihre Person. Dazu geh\u00f6ren Name, Rechnungsadresse, Lieferadresse, Zahlungsinformationen (einschlie\u00dflich Kreditkartennummern, E-Mail-Adresse und Telefonnummer. Wir bezeichnen diese Angaben als &#8220;Bestellinformationen&#8221;.<\/p>\n\n\n\n<p>Mit &#8220;personenbezogene Daten&#8221; in dieser Datenschutzerkl\u00e4rung bezeichnen wir sowohl Ger\u00e4teinformationen als auch Bestellinformationen.<\/p>\n\n\n\n<p>Wir verwenden die von uns erfassten Bestellinformationen in der Regel zur Ausf\u00fchrung von Bestellungen, die wir \u00fcber die Website erhalten (unter anderem zur Verarbeitung Ihrer Zahlungsinformationen, Versandbereitstellung und Zusendung von Rechnungen und\/oder Bestellbest\u00e4tigungen).<\/p>\n\n\n\n<p>Au\u00dferdem verwenden wir diese Bestellinformation zur:<\/p>\n\n\n\n<p>Kommunikation mit Ihnen;<br>Pr\u00fcfung unserer Bestellungen auf potenzielle Risiken oder Betrug und<\/p>\n\n\n\n<p>Bereitstellung von Informationen oder Werbung im Zusammenhang mit unseren Produkten oder Dienstleistungen an Sie, sofern dies mit Ihren Datenschutzeinstellungen im Einklang steht.<br>Wir verwenden die von uns erfassten Ger\u00e4teinformationen f\u00fcr die Pr\u00fcfung auf potenzielle Risiken und Betrug (insbesondere Ihre IP-Adresse) und allgemein zur Verbesserung und Optimierung unserer Website (z.B. mithilfe von Analysen zum Navigationsverhalten unserer Kunden und ihrer Interaktion mit der Website sowie zum Beurteilen des Erfolgs unserer Marketing- und Werbekampagnen).<br><\/p>\n\n\n\n<p>Wir geben Ihre personenbezogenen Daten an Dritte weiter, die uns bei der Verwendung Ihrer personenbezogenen Daten wie oben beschrieben unterst\u00fctzen. <\/p>\n\n\n\n<p>Schlie\u00dflich k\u00f6nnen wir Ihre personenbezogenen Daten auch weitergeben, um geltende Gesetze und Vorschriften einzuhalten, um auf eine Vorladung, einen Durchsuchungsbefehl oder eine andere rechtm\u00e4\u00dfige Anfrage nach Informationen, die wir erhalten, zu reagieren oder um unsere Rechte anderweitig zu sch\u00fctzen.<br><\/p>\n\n\n\n<p>Wie oben beschrieben verwenden wir Ihre personenbezogenen Daten, um Ihnen zielgerichtete Werbung oder Marketingmitteilungen zur Verf\u00fcgung zu stellen, von denen wir glauben, dass sie f\u00fcr Sie von Interesse sein k\u00f6nnten. Weitere Informationen dar\u00fcber, wie zielgerichtete Werbung funktioniert, finden Sie auf der Aufkl\u00e4rungsseite der Network Advertising Initiative (&#8220;NAI&#8221;) unter http:\/\/www.networkadvertising.org\/understanding-online-advertising\/how-does-it-work.<\/p>\n\n\n\n<p><br>Wir weisen Sie darauf hin, dass wir die Datenerfassungs- und -nutzungsverfahren unserer Website nicht \u00e4ndern, wenn wir von Ihrem Browser ein &#8220;Do Not Track&#8221;-Signal erhalten.<\/p>\n\n\n\n<p>Wenn Sie in Europa ans\u00e4ssig sind, haben Sie das Recht, auf die personenbezogenen Daten, die wir \u00fcber Sie besitzen, zuzugreifen und deren Korrektur, Aktualisierung oder L\u00f6schung zu fordern. Wenn Sie dieses Recht aus\u00fcben m\u00f6chten, setzen Sie sich \u00fcber die nachstehenden Kontaktdaten mit uns in Verbindung.<br>Wenn Sie in Europa ans\u00e4ssig sind, weisen wir au\u00dferdem darauf hin, dass wir Ihre Daten verarbeiten, um Vertr\u00e4ge mit Ihnen zu erf\u00fcllen (z. B. wenn Sie \u00fcber die Website eine Bestellung aufgeben) oder um unsere oben genannten berechtigten Gesch\u00e4ftsinteressen zu verfolgen. Bitte beachten Sie au\u00dferdem, dass Ihre Daten au\u00dferhalb von Europa, einschlie\u00dflich Kanada und den Vereinigten Staaten, \u00fcbertragen werden.<\/p>\n\n\n\n<p>AUFBEWAHRUNG VON DATEN<br>Wenn Sie eine Bestellung \u00fcber die Website aufgeben, bewahren wir Ihre Bestellinformationen f\u00fcr unsere Aufzeichnungen auf, sofern Sie uns nicht auffordern, diese Daten zu l\u00f6schen.<\/p>\n\n\n\n<p>\u00c4NDERUNGEN<br>Wir k\u00f6nnen diese Datenschutzerkl\u00e4rung gelegentlich \u00e4ndern, um \u00c4nderungen unserer Vorgehensweisen zu ber\u00fccksichtigen, oder aus anderen betrieblichen, rechtlichen oder aufsichtsrechtlichen Gr\u00fcnden.<br>KONTAKT<br>Wenn Sie weitere Informationen zu unseren Datenschutzverfahren ben\u00f6tigen, Fragen haben oder eine Beschwerde einreichen m\u00f6chten, kontaktieren Sie uns per E-Mail an info@kuechen-krause.de oder per Post an die unten genannte Adresse:<\/p>\n\n\n\n<p>Goethestra\u00dfe 14a, Ochtrup, 48607, Deutschland<\/p>\n\n\n\n<p><\/p>\n\n\n\n<p><\/p>\n\n\n\n<h2 class=\"wp-block-heading\">\u00dcber uns<\/h2>\n\n\n\n<ul class=\"wp-block-list\">\n<li>Inhaber:                        Max Sandmann <\/li>\n\n\n\n<li>Rechtsform:                Einzelkaufmann<\/li>\n\n\n\n<li>Anschrift :                    Goethestra\u00dfe 14a<\/li>\n\n\n\n<li>                                          48607 Ochtrup<\/li>\n\n\n\n<li>Email:                             info@kuechen-krause.de <\/li>\n\n\n\n<li>Telefon:                         02553\/977475<\/li>\n\n\n\n<li>Umsatzsteuer-ID:     DE 367 391 213<\/li>\n\n\n\n<li>Handelsregister:       HRA 8162 Amtsgericht Steinfurt<\/li>\n<\/ul>\n\n\n\n<p><\/p>\n\n\n\n<p><\/p>\n","protected":false},"excerpt":{"rendered":"<p>Krause K\u00fcchensysteme Datenschutzerkl\u00e4rung In dieser Datenschutzerkl\u00e4rung wird beschrieben, wie Ihre personenbezogenen Daten erfasst, verwendet und weitergegeben werden, wenn Sie www.kuechen-krause.de (die &#8220;Website&#8221;) nutzen oder dort etwas kaufen. VON UNS ERFASSTE PERSONENBEZOGENE DATENWenn Sie die Website besuchen, erfassen wir automatisch bestimmte Informationen \u00fcber Ihr Ger\u00e4t, darunter Informationen zum Webbrowser, der IP-Adresse, der Zeitzone und einigen der [&hellip;]<\/p>\n","protected":false},"author":1,"featured_media":0,"parent":0,"menu_order":0,"comment_status":"closed","ping_status":"open","template":"","meta":{"ocean_post_layout":"full-width","ocean_both_sidebars_style":"","ocean_both_sidebars_content_width":0,"ocean_both_sidebars_sidebars_width":0,"ocean_sidebar":"","ocean_second_sidebar":"","ocean_disable_margins":"enable","ocean_add_body_class":"","ocean_shortcode_before_top_bar":"","ocean_shortcode_after_top_bar":"","ocean_shortcode_before_header":"","ocean_shortcode_after_header":"","ocean_has_shortcode":"","ocean_shortcode_after_title":"","ocean_shortcode_before_footer_widgets":"","ocean_shortcode_after_footer_widgets":"","ocean_shortcode_before_footer_bottom":"","ocean_shortcode_after_footer_bottom":"","ocean_display_top_bar":"default","ocean_display_header":"default","ocean_header_style":"","ocean_center_header_left_menu":"","ocean_custom_header_template":"","ocean_custom_logo":0,"ocean_custom_retina_logo":0,"ocean_custom_logo_max_width":0,"ocean_custom_logo_tablet_max_width":0,"ocean_custom_logo_mobile_max_width":0,"ocean_custom_logo_max_height":0,"ocean_custom_logo_tablet_max_height":0,"ocean_custom_logo_mobile_max_height":0,"ocean_header_custom_menu":"","ocean_menu_typo_font_family":"","ocean_menu_typo_font_subset":"","ocean_menu_typo_font_size":0,"ocean_menu_typo_font_size_tablet":0,"ocean_menu_typo_font_size_mobile":0,"ocean_menu_typo_font_size_unit":"px","ocean_menu_typo_font_weight":"","ocean_menu_typo_font_weight_tablet":"","ocean_menu_typo_font_weight_mobile":"","ocean_menu_typo_transform":"","ocean_menu_typo_transform_tablet":"","ocean_menu_typo_transform_mobile":"","ocean_menu_typo_line_height":0,"ocean_menu_typo_line_height_tablet":0,"ocean_menu_typo_line_height_mobile":0,"ocean_menu_typo_line_height_unit":"","ocean_menu_typo_spacing":0,"ocean_menu_typo_spacing_tablet":0,"ocean_menu_typo_spacing_mobile":0,"ocean_menu_typo_spacing_unit":"","ocean_menu_link_color":"","ocean_menu_link_color_hover":"","ocean_menu_link_color_active":"","ocean_menu_link_background":"","ocean_menu_link_hover_background":"","ocean_menu_link_active_background":"","ocean_menu_social_links_bg":"","ocean_menu_social_hover_links_bg":"","ocean_menu_social_links_color":"","ocean_menu_social_hover_links_color":"","ocean_disable_title":"default","ocean_disable_heading":"default","ocean_post_title":"","ocean_post_subheading":"","ocean_post_title_style":"","ocean_post_title_background_color":"","ocean_post_title_background":0,"ocean_post_title_bg_image_position":"","ocean_post_title_bg_image_attachment":"","ocean_post_title_bg_image_repeat":"","ocean_post_title_bg_image_size":"","ocean_post_title_height":0,"ocean_post_title_bg_overlay":0.5,"ocean_post_title_bg_overlay_color":"","ocean_disable_breadcrumbs":"default","ocean_breadcrumbs_color":"","ocean_breadcrumbs_separator_color":"","ocean_breadcrumbs_links_color":"","ocean_breadcrumbs_links_hover_color":"","ocean_display_footer_widgets":"default","ocean_display_footer_bottom":"default","ocean_custom_footer_template":"","footnotes":""},"class_list":["post-3","page","type-page","status-publish","hentry","entry"],"_links":{"self":[{"href":"https:\/\/kuechen-krause.de\/word\/wp-json\/wp\/v2\/pages\/3","targetHints":{"allow":["GET"]}}],"collection":[{"href":"https:\/\/kuechen-krause.de\/word\/wp-json\/wp\/v2\/pages"}],"about":[{"href":"https:\/\/kuechen-krause.de\/word\/wp-json\/wp\/v2\/types\/page"}],"author":[{"embeddable":true,"href":"https:\/\/kuechen-krause.de\/word\/wp-json\/wp\/v2\/users\/1"}],"replies":[{"embeddable":true,"href":"https:\/\/kuechen-krause.de\/word\/wp-json\/wp\/v2\/comments?post=3"}],"version-history":[{"count":5,"href":"https:\/\/kuechen-krause.de\/word\/wp-json\/wp\/v2\/pages\/3\/revisions"}],"predecessor-version":[{"id":53,"href":"https:\/\/kuechen-krause.de\/word\/wp-json\/wp\/v2\/pages\/3\/revisions\/53"}],"wp:attachment":[{"href":"https:\/\/kuechen-krause.de\/word\/wp-json\/wp\/v2\/media?parent=3"}],"curies":[{"name":"wp","href":"https:\/\/api.w.org\/{rel}","templated":true}]}}